est common divisor of 844514 and 506?
506
Calculate the highest common divisor of 2745 and 57279.
183
Calculate the greatest common divisor of 1240582 and 490.
98
What is the greatest common divisor of 18780 and 25140?
60
What is the highest common divisor of 6524443 and 197?
197
What is the greatest common divisor of 510 and 3591675?
255
Calculate the highest common divisor of 800 and 94450.
50
Calculate the greatest common divisor of 274 and 136589.
137
What is the highest common divisor of 72182 and 1870?
374
Calculate the highest common divisor of 30438 and 3762.
342
What is the highest common factor of 256371 and 873?
291
What is the highest common factor of 3913 and 2275?
91
Calculate the greatest common divisor of 62560 and 11152.
272
What is the highest common divisor of 293854 and 7106?
418
Calculate the greatest common divisor of 213802 and 530.
106
Calculate the greatest common factor of 175553 and 651.
217
What is the highest common divisor of 74938 and 3368?
842
Calculate the highest common factor of 9118 and 33562.
194
What is the greatest common factor of 540 and 23580?
180
What is the greatest common divisor of 279 and 5208?
93
What is the greatest common divisor of 35 and 66493?
7
Calculate the highest common divisor of 4374 and 483.
3
Calculate the highest common factor of 105 and 32403.
21
What is the greatest common factor of 177014 and 6?
2
What is the highest common factor of 10 and 238650?
10
What is the highest common factor of 127060 and 50?
10
What is the highest common divisor of 202460 and 58300?
1060
Calculate the highest common divisor of 1505 and 406135.
215
What is the greatest common divisor of 32 and 755488?
32
Calculate the greatest common factor of 10 and 31235.
5
Calculate the highest common divisor of 394 and 689894.
394
What is the highest common factor of 4158 and 10692?
594
Calculate the highest common divisor of 2400 and 1525.
25
What is the highest common factor of 66 and 10308?
6
Calculate the highest common factor of 9238 and 2666.
62
What is the greatest common divisor of 18 and 506916?
18
Calculate the highest common divisor of 31884 and 48.
12
Calculate the highest common divisor of 4 and 40646.
2
What is the highest common divisor of 118 and 151394?
118
Calculate the greatest common divisor of 50 and 163790.
10
What is the greatest common divisor of 4240 and 112?
16
Calculate the greatest common factor of 104645 and 85.
5
Calculate the greatest common divisor of 59 and 8791.
59
What is the greatest common divisor of 72 and 7856?
8
What is the greatest common divisor of 2847 and 1443?
39
What is the highest common factor of 10673993 and 1133?
1133
What is the greatest common factor of 4883 and 51657?
257
What is the greatest common factor of 9943 and 2379?
61
Calculate the greatest common divisor of 10899 and 693.
63
Calculate the greatest common factor of 4 and 76520.
4
What is the highest common factor of 1430 and 23530?
130
Calculate the highest common divisor of 12 and 2023384.
4
What is the greatest common divisor of 20684 and 4?
4
Calculate the highest common factor of 588 and 56546.
98
What is the greatest common factor of 13662 and 2178?
198
Calculate the highest common divisor of 52 and 22412.
52
What is the highest common factor of 357168 and 56?
56
Calculate the greatest common factor of 177 and 3549971.
59
What is the highest common divisor of 459 and 357459?
51
What is the greatest common factor of 48350 and 100?
50
What is the greatest common divisor of 189 and 483?
21
What is the greatest common factor of 1092 and 9984?
156
What is the greatest common divisor of 459553 and 1541?
67
What is the highest common factor of 35 and 38785?
5
Calculate the greatest common factor of 1386 and 13365198.
1386
What is the highest common divisor of 497406 and 234?
78
What is the greatest common divisor of 36 and 62772?
12
Calculate the greatest common divisor of 1102 and 1558.
38
Calculate the greatest common divisor of 3531 and 132.
33
Calculate the greatest common divisor of 118341 and 115419.
1461
Calculate the greatest common factor of 1030 and 83224.
206
Calculate the greatest common divisor of 8891 and 53869.
523
What is the highest common divisor of 10192 and 26117?
637
What is the highest common factor of 16435 and 88057?
173
What is the greatest common divisor of 44 and 1139116?
44
Calculate the greatest common factor of 5041 and 3053.
71
What is the highest common divisor of 12395 and 35705?
185
Calculate the greatest common divisor of 18 and 19773.
9
Calculate the greatest common divisor of 6528 and 704.
64
What is the highest common divisor of 1639867 and 346?
173
What is the highest common divisor of 1504 and 192?
32
What is the greatest common factor of 799 and 49773?
47
Calculate the greatest common factor of 787176 and 72.
72
What is the greatest common divisor of 27136 and 135168?
512
What is the greatest common divisor of 33314 and 122?
2
What is the highest common factor of 9 and 12372?
3
Calculate the greatest common factor of 55 and 7593905.
55
What is the highest common factor of 9 and 244044?
9
Calculate the greatest common factor of 1234805 and 1430.
715
Calculate the greatest common factor of 307148 and 62.
62
What is the highest common divisor of 176 and 92?
4
What is the greatest common factor of 6791 and 2?
1
Calculate the greatest common factor of 682010 and 70.
70
Calculate the highest common divisor of 13 and 345150.
13
What is the highest common divisor of 126 and 392679?
63
What is the highest common factor of 1131390 and 30?
30
What is the greatest common factor of 135 and 263115?
135
What is the highest common divisor of 22656 and 177?
177
What is the greatest common divisor of 189409 and 2948?
737
What is the highest common factor of 1347 and 2245?
449
Calculate the highest common divisor of 2583 and 16646.
287
Calculate the greatest common factor of 1851160 and 60.
20
Calculate the greatest common factor of 1 and 5324.
1
What is the greatest common divisor of 2485 and 14315?
35
Calculate the greatest common factor of 2502 and 19738.
278
Calculate the highest common divisor of 1497 and 997501.
499
Calculate the greatest common factor of 57862 and 448.
14
What is the highest common divisor of 1958 and 3564?
22
What is the greatest common factor of 8178642 and 318?
318
Calculate the greatest common factor of 443615 and 55.
5
Calculate the greatest common factor of 31 and 22289.
31
Calculate the highest common factor of 45 and 261585.
45
What is the greatest common factor of 138565 and 777?
259
What is the highest common divisor of 286 and 2651?
11
Calculate the greatest common divisor of 2107 and 833.
49
What is the greatest common factor of 39505 and 65?
5
Calculate the greatest common divisor of 56088 and 1026.
342
Calculate the highest common divisor of 11374 and 470.
94
Calculate the greatest common factor of 288 and 293049.
9
Calculate the greatest common factor of 24 and 14600.
8
Calculate the greatest common factor of 18 and 21764.
2
What is the greatest common factor of 1083 and 779?
19
Calculate the greatest common factor of 274352 and 1872.
208
Calculate the greatest common factor of 535264 and 22562.
778
Calculate the greatest common divisor of 1302 and 49.
7
Calculate the greatest common divisor of 4516323 and 21.
21
What is the highest common divisor of 3328 and 40192?
256
Calculate the greatest common divisor of 579 and 48.
3
What is the highest common factor of 8952 and 60?
12
Calculate the greatest common factor of 280 and 41363.
7
Calculate the greatest common factor of 454856 and 112.
8
What is the highest common divisor of 295 and 13405?
5
What is the highest common divisor of 197744 and 1360?
272
Calculate the greatest common factor of 177504 and 96.
96
What is the highest common factor of 4914 and 42714?
378
What is the greatest common divisor of 458652 and 12?
12
What is the highest common divisor of 572628 and 27669?
1203
What is the greatest common factor of 69580 and 120700?
1420
What is the greatest common divisor of 228 and 475?
19
Calculate the greatest common factor of 52 and 31655.
13
What is the greatest common factor of 162 and 299376?
162
Calculate the highest common divisor of 263463 and 41425.
1657
What is the highest commo